/24 - 2*l**3 - 2*l**2. Let h(d) be the first derivative of u(d). Give h(-5).
3
Let v(c) = -2*c + 10. Let x(a) = a + 17 + 15 - 35. Let l(f) = -2*v(f) - 7*x(f). Calculate l(-1).
4
Let g(l) = 1 - 4*l + 7*l + 5*l**3 - 6*l**3 + 3*l**2 - 3*l**3. Determine g(-2).
39
Let m(p) = -p + 4. Let w = -247 + 353. Let o = -110 + w. Calculate m(o).
8
Let i(k) = -k**3 - 4*k**2 - 3*k - 12. Let g(v) = v**2 + v - 1. Let z(f) = 4*g(f) - i(f). What is z(-7)?
8
Suppose 5*n - 3*n + 17 = -r, 8 = -4*r + 4*n. Suppose 3*q + 15 = 5*w - 0*q, -2*q - 10 = 4*w. Let l(u) = 3*u - u**2 - 10*u + w*u**2 - 3. Give l(r).
-3
Let t(b) = -1 - 515*b**3 + 1042*b**3 - 520*b**3 - b + 2*b**2. Determine t(-1).
-5
Let k(d) = 165*d + 3 - d**2 - 72*d - 89*d. Calculate k(-3).
-18
Let h(r) = -r**2 - 3*r - 2. Suppose 0 = -20*f + 18*f - 14. Let k = 3 + f. Calculate h(k).
-6
Let g(s) be the third derivative of s**4/12 + 17*s**3/6 - 84*s**2. Give g(-7).
3
Let b(r) = 9*r**2 + 10*r + 6. Let h(m) = 4*m**2 + 5*m + 3. Let d(a) = 3*b(a) - 7*h(a). Calculate d(-6).
-9
Let d(z) = -z - 8. Suppose 103*l - 99*l + 40 = 0. Calculate d(l).
2
Let u(l) = -l - 10. Let z = -3 - -6. Suppose 0 = -0*h - 6*h. Suppose h*s + 21 = -z*s. Calculate u(s).
-3
Let w be 2/(-3 + 1)*(2 + 1). Let o(k) = 4*k**2 + 5*k + 4. What is o(w)?
25
Suppose 6*t - t = 30. Let g = 17 - 12. Let h(m) = -g + 2 - 5*m + m**2 - 1. Give h(t).
2
Let m(w) = 21*w**2 + 27*w - 22. Let d(v) = -4*v**2 - 5*v + 4. Let g(q) = 11*d(q) + 2*m(q). Suppose -2*o - 2*a - 8 = 0, -5*a - 11 = 3*o + 7. What is g(o)?
-1
Let s(b) = -23*b - 40. Let q be s(-7). Let i be 2/(-3) - q/(-33). Let f(t) = -t**2 - 2*t - 1. What is f(i)?
-16
Let m(o) = o**3 + 4*o**2 + 6*o + 1. Let x = 2618 - 2622. Give m(x).
-23
Let y = -106 + 103. Let o(p) = 2*p - 6*p + 4*p**2 - 2 - 5*p**2. What is o(y)?
1
Let a be (12/(-18))/((-2)/3). Let k be 2 + a - (-30)/(-3). Let y(c) = -34 + 16 + 22 + 2*c. Determine y(k).
-10
Let i(p) = 20*p. Suppose -4*c - 6 = 11*l - 9*l, -l - 5 = 0. Calculate i(c).
20
Let r(t) = -11*t + 34*t - 14*t + 5 - 4*t**3 + 47*t**2 + 5*t**3 - 58*t**2. Determine r(10).
-5
Let z(y) = -3*y**2 - y + 2. Let i(b) = 8*b**2 + 3*b - 5. Let p(w) = -2*i(w) - 5*z(w). Give p(6).
-42
Let p(z) = 30*z**2 + 11*z - 42. Let c(q) = 11*q**2 + 4*q - 14. Let n(d) = 11*c(d) - 4*p(d). Calculate n(0).
14
Let c(x) be the first derivative of 8*x + 1/3*x**3 - 20 - 5*x**2. Give c(9).
-1
Let p(v) be the second derivative of v**4/12 + v**3/2 - 3*v**2 + 16*v - 1. What is p(-6)?
12
Let l be 4 + (1 + 1)*-2. Let t(x) be the first derivative of -x**2/2 + 7*x - 20. What is t(l)?
7
Suppose 4 = 3*v - p, 3*p - 6 = -v + 2. Let q(o) = -o + 30*o**2 - 13*o**v - 8*o**2 - 1 - 18*o**2. Calculate q(-1).
-9
Let b(c) be the third derivative of -c**6/60 - 19*c**5/60 - 3*c**4/8 - c**3/2 + 7*c**2 + 2. Calculate b(-9).
-3
Suppose -3*s + 5*s = 22. Let h be 46/4 - (-10)/(-20). Let m(r) = 3*r - s + h. Calculate m(3).
9
Let p(r) = -7*r - 4. Let z be p(-1). Suppose -z*y - 7 = 8. Let q(h) = -3*h + 3 + 2*h**3 - 5 - 3*h**3 - 6*h**2. Give q(y).
-12
Let q(v) be the third derivative of v**4/8 + 11*v**3/6 + 54*v**2. Calculate q(-5).
-4
Let g(p) be the second derivative of p**4/2 + p**3/6 + 35*p. Suppose -d + 13 = n + 2*n, 0 = d - 3*n + 11. Give g(d).
7
Let q = 6 + -3. Let g = -5 - -10. Let d(y) = 5 - 5*y**2 - y**q + 3*y + 4*y - g*y. Determine d(-5).
-5
Suppose -4*z - 724 + 128 = 0. Let q = -147 - z. Let y(a) be the first derivative of a**2/2 - a - 1. Determine y(q).
1
Let a(z) be the third derivative of -35*z**2 + 0 + 5/6*z**3 + 0*z + 1/24*z**4. What is a(-5)?
0
Let s(u) = -19*u + 10. Let j(g) = 6*g - 3. Let a(h) = 7*j(h) + 2*s(h). Let z(y) = y - 1. Let c = 9 + -10. Let d(i) = c*a(i) + z(i). What is d(3)?
-9
Let b(f) = f**2 + f + 10. Let q(n) = -42*n + 42. Let y be q(1). Determine b(y).
10
Let j(y) = -y**3 - 3*y**2 + 5*y + 2. Let p = 429 - 300. Suppose -127*t = -p*t - 8. Give j(t).
-2
Let h be (186/(-12))/(-31)*(-1 + 1). Let u(z) be the third derivative of z**5/60 - z**4/24 - 8*z**3/3 - z**2. Determine u(h).
-16
Suppose b = -3*m - 0*b + 77, 109 = 4*m - 5*b. Let g = -24 + m. Suppose -4*s + 9 = -x, x - 5*x = g*s. Let d(k) = k**2 - 2. Calculate d(s).
2
Let b(d) = 2*d**2 - 2*d + 1. Let r(m) = -m**2 - 1. Let s(a) = -2*b(a) - 3*r(a). Let y be ((-6)/(-9))/1*12. Let o = 11 - y. Give s(o).
4
Let i(w) = 7*w**2 + 4*w - 17. Let h(d) = 13*d**2 + 8*d - 32. Let y(v) = -6*h(v) + 11*i(v). What is y(-5)?
0
Suppose 0 = 2*b + 2*y + 4, -5*b - 2*y = 13. Let k(v) = -v**3 - 5*v**2 - 4*v - 2. What is k(b)?
-8
Let z = 27 - 28. Let j(r) = -r + 1. Let n(k) = -2*k - 1. Let f(o) = z*j(o) + n(o). Give f(-5).
3
Let o(d) = -2*d + 4. Let a be 2/((-6)/9*(-12)/184). Let g be (-161)/a*12/(-7). Calculate o(g).
-8
Let o(l) = -l + 4. Let p be o(-9). Let g = p + -23. Let v be 10/25 - 6/g. Let x(q) = 6*q**2 - q + 1. Give x(v).
6
Let a(j) = -2*j + 9. Let c be a(-4). Let n(w) = -c*w - 3 + 31*w - 15*w. Determine n(-8).
5
Let h(o) = 847*o - 276*o - 275*o - o**2 - 285*o + 26. Determine h(14).
-16
Let f(o) = -o**2. Suppose p - 13 = 2*x, -44 + 0 = -5*p + 3*x. Let q be (-3 + p)/(0 + 1). Suppose 4*l - 8 = -q*d, -7 = -d + 2*l - 4*l. Give f(d).
-9
Let z(o) = o**2 + 15*o + 16. Let j(p) = 3*p + 1. Let h(f) = 6*j(f) - z(f). Calculate h(4).
-14
Let w = -242 - -242. Let b(l) = -l**2 + l + 23. Determine b(w).
23
Suppose 17 = 4*d - 4*b - 19, 4*d = -2*b + 12. Let u(o) be the second derivative of o**5/20 - o**4/3 - 2*o**3/3 + 3*o**2/2 + 2*o. What is u(d)?
8
Suppose -2*j + 3*i - 4 + 2 = 0, 3*j = -i + 8. Suppose s - 23 = 5*p, 2*p + 8 = j*s - s. Let h be 3 - s/4*-6. Let l(x) = x - 6. Determine l(h).
-6
Let r(y) = -y - 3. Let v(g) = 5*g + 9. Let s(k) = -2*r(k) + v(k). What is s(-6)?
-27
Suppose -2*c + 20 = 3*c. Let f be 12/15*5/2. Let s(o) = 0*o**2 + 3*o**f + c*o + 4 + 0*o**2 - 4*o**2. What is s(4)?
4
Let g be (-114)/10 + (-2)/(-5). Let i = g + 26. Let p = 14 - i. Let y(z) = -3*z**3 - 2*z**2 - z. What is y(p)?
2
Let u(f) = 5*f + 1. Suppose 6*j - 69 + 51 = 0. Let r(i) = i**2 - 3*i - 3. Let c be r(4). Suppose 0 = 4*p - j*p - c. What is u(p)?
6
Let c = -601 - -600. Let y(t) = -4*t - 1. Determine y(c).
3
Let f(l) = -l**2 + 10*l. Let d(h) be the first derivative of h**2/2 - h - 2. Let n = -69 + 63. Let m(b) = n*d(b) + f(b). Determine m(6).
-6
Suppose -5*z - 4 = -2*x + 12, 5*x = -5*z - 30. Let r(u) = -4*u - 4. What is r(x)?
4
Suppose -5*a + 3*t = t - 1, 5*a - t = -2. Let c(o) = -1. Let z(x) = 3*x. Let d(b) = a*z(b) - 4*c(b). Let m be (-5 + -1 - -3)*1. What is d(m)?
13
Let q(j) = j**2 - 4*j - 20. Let n be 9/(3 + 27/(-6) - -3). Give q(n).
-8
Let l(c) = -7 - c + 7 + 15*c**3. Suppose -23 + 3 = -4*n - 2*t, 0 = -n - t + 6. Suppose -n = 2*a - 2. Give l(a).
-14
Suppose -2*p + 2*g - 1 - 5 = 0, 5*g - 17 = 4*p. Let j(f) = -3*f**2 + 2*f. What is j(p)?
-8
Let t(j) be the second derivative of j**5/20 - 5*j**4/12 + j**3 - 2*j**2 - 28*j. Give t(4).
4
Let r(t) = 4*t**2 - t - 2. Let o be 30/45*-1*3. Let v be r(o). Suppose v*y - 15*y - 6 = 0. Let n(j) = j**3 - 5*j**2 - 3*j - 5. What is n(y)?
13
Let q(u) = 2*u**3 - 3*u**2 - u + 2. Let p = -2 - 0. Let v be (4/14)/(p/(-14)). Suppose 0 = -10*w + 11*w - v. What is q(w)?
4
Suppose -4*p + 5*m - 41 = 0, 5*p + 28 = 5*m - 27. Let c(v) = v + 17. Calculate c(p).
3
Let y(u) be the first derivative of 8*u**3/3 + u**2 - u - 146. Suppose -1 - 1 = w. Calculate y(w).
27
Let b = -38 - -40. Let c(g) = -6 + 2 - 2*g**2 + 3*g + g**b + 0*g**2. Give c(3).
-4
Let f(q) be the first derivative of 12*q + 5/2*q**2 + 1/12*q**4 - 7 - 7/6*q**3. Let p(y) be the first derivative of f(y). Give p(4).
-7
Let r(l) = l**2 + 10*l + 7. Let o(i) = i**2 + 3*i - 38. Let q be o(-7). What is r(q)?
7
Let i(c) = -30*c - 62. Let p be i(-2). Let q(k) = k**2 + 7*k + 3. Calculate q(p).
-7
Suppose 0 = 2*o - 51 + 63. Let b(h) = h**2 + 6*h + 8. Calculate b(o).
8
Suppose 5*q + 14 - 39 = 0, 5*d - 5 = -q. Suppose d*w = -w. Let h(y) = -y - 11. Give h(w).
-11
Let q be (7 - (6 - 3)) + -3. Suppose 17 + q = -3*o. Let p(j) = j**3 + 6*j**2 + j + 8. Let b(m) = m**3 + 6*m**2 + m + 9. Let s(t) = -4*b(t) + 5*p(t). Give s(o).
-2
Let u(r) be the first derivative of -r**3/3 - 7*r**2/2 - 6*r + 1. Let s be 10*(0 - 5/(-10)). Let i(a) = -2*a + 6. Let k be i(s). Give u(k).
6
Let f(o) = -5*o - 32 - 7 + 2*o + 5*o. Determine f(25).
11
Let j be 4/2*13/(-13). Let q(r) = r**